of 10 and z.
10
Let p be (2/(-3))/(12/18) + (-52496)/(-4). Calculate the greatest common divisor of p and 11.
11
Let w be 5 + 5 + -13 + 3. Suppose -277*y + 266*y + 385 = w. What is the highest common factor of 63 and y?
7
Let h(y) = -9*y**2 - 90*y + 11. Let d be h(-10). What is the greatest common factor of 473 and d?
11
Let d = 1176 - -16. Calculate the greatest common divisor of d and 8.
8
Let v(r) = 2*r**3 + 35*r**2 + 58*r + 243. Let n be v(-16). Calculate the highest common divisor of n and 5893.
83
Let n be 24/10 - 81/(-135). Suppose o = i + n, -5*o - 3 = -4*i - 18. What is the highest common divisor of 12 and o?
3
Suppose -2*v - 5*l + 107 = 0, 95 = 4*v + 5*l - 94. Let y = -85636 - -85964. Calculate the greatest common factor of y and v.
41
Suppose -2*o - 5*v + 905 = 0, o + 5*v + 430 = 2*o. What is the highest common factor of 623 and o?
89
Let j = 0 + 33. Let o(q) = -2*q - 30. Let k be o(-14). Let b be (-8302)/(-84) + k/(-12). Calculate the highest common factor of b and j.
33
Suppose 233 = -6*z + 5*z - 4*f, -z - 239 = 2*f. Let q = 473 + z. What is the highest common factor of 12 and q?
12
Let b = 23 + -36. Let w be (b + 2)*(2 - 3). Let k be 165/6*(-12)/(-10). Calculate the highest common divisor of k and w.
11
Let x be (12/(-10))/(120/(-400)). Let t be x/(103/34 + -3). Suppose -2*c = 2*c - 68. Calculate the highest common factor of c and t.
17
Suppose 0 = -3*c + 37*c - 141032. Calculate the highest common factor of 68 and c.
68
Suppose 11*h = 41046 + 13932. Suppose h + 834 = 12*a. What is the greatest common divisor of a and 18?
18
Suppose 0 = 65*g - 735900 + 83430. What is the highest common divisor of 21 and g?
21
Let a be 7 + (-6)/(-9) + (-30)/18. Let s be ((-2)/a)/(10/(-480)). Suppose -12*k = -14*k + s. Calculate the greatest common factor of 152 and k.
8
Suppose 4*m + 33*v - 36*v - 69 = 0, 45 = 2*m - 5*v. Let g(p) = -2*p + 40. Let k be g(m). What is the highest common divisor of 70 and k?
10
Let r = 12 - -28. Suppose 0*w + r = 4*w. Suppose 14*h - 18*h + 22 = -2*k, 0 = -5*k - 15. Calculate the greatest common factor of w and h.
2
Suppose -10*h = 3*h, -2784 = -3*b - 0*b + 2*h. What is the highest common factor of b and 580?
116
Suppose -18*y = -12*y - 204. Let a be 702/(-42) + 4/(-14). Let q be ((-4)/2 - a) + 2. What is the highest common divisor of q and y?
17
Let l = -7243 + 9336. What is the highest common factor of 184 and l?
23
Let q(v) = -v**3 - 201*v**2 - 8693*v + 90. Let i be q(-63). Let j(r) = -r + 972. Let t be j(0). What is the greatest common factor of i and t?
27
Let o = 6 + -17. Let p(f) = -11*f - 106. Let m be p(o). Let q = 182 + -107. What is the greatest common divisor of q and m?
15
Let n be (6/10)/((-7)/(-1890)) + -10. What is the greatest common divisor of n and 632?
8
Let g be (33/5)/((-7)/(-245)*7). Let y(c) = -2*c + g + 2*c**2 - 44 - c**2. Let b be y(-5). Calculate the highest common factor of b and 6.
6
Let p = -176 + 177. Suppose -3*v - 5*s = -8 + p, 2*v = -3*s + 5. Calculate the greatest common divisor of v and 68.
4
Let s(x) = -6*x**3 + x. Let g be s(-1). Let w(k) = 5*k - 22. Let c be w(g). What is the highest common factor of c and 15?
3
Let h = -22 - -31. Suppose -5*p + 73 = -v - 3*v, 70 = -5*v + 2*p. Let c = 69 - v. What is the greatest common divisor of c and h?
9
Let l be ((-18156)/15)/(103/(-515)). What is the highest common factor of l and 68?
68
Let s(u) = 346*u**2 + 257*u + 765. Let l be s(-3). Calculate the highest common factor of l and 336.
84
Suppose -5*o + 2*h + 10751 = 0, 4*o - 31*h - 8610 = -34*h. What is the highest common factor of o and 1?
1
Suppose 12*q = 11*q + 9*z + 8294, -4*q + 33336 = -4*z. What is the greatest common divisor of 31 and q?
31
Let l(y) = 9*y**3 - 5*y**2 + 3*y - 3. Let t = 289 - 287. Let w be l(t). Calculate the highest common divisor of 22 and w.
11
Let y be 3/(-7) + 28696/(-238). Let r = y + 133. Calculate the greatest common factor of 54 and r.
6
Let f = 2368 - 2355. Calculate the greatest common divisor of 520 and f.
13
Let r(n) = -n**2 - 38*n - 204. Let f be r(-30). What is the highest common factor of 12 and f?
12
Let y be (-4 - 28)*(-12 - (19 + -30)). What is the highest common divisor of y and 106?
2
Let y be (-7)/((-140)/2005) + 4/(-16). Let b be (2 + y - 4) + -2. What is the greatest common divisor of 12 and b?
12
Let o be (0/6)/(-1 - (-2 + 4)). Suppose 0 = 21*t - 19*t + 3*m - 383, o = -5*t + 3*m + 926. What is the highest common factor of t and 33?
11
Let b(q) = -3*q + 109. Let f be b(-9). Calculate the greatest common factor of 1972 and f.
68
Suppose -32*o = -31*o - q - 2601, -2*o + 5196 = -4*q. What is the greatest common divisor of o and 84?
84
Suppose 63 = -0*i + 2*i + b, -91 = -3*i - b. Calculate the greatest common divisor of 448 and i.
28
Let u(l) = 8*l**2 + 16*l - 208. Let w be u(-9). Calculate the greatest common divisor of 74 and w.
74
Suppose -38887 = -83*g - 5227 + 30084. What is the highest common factor of g and 448?
64
Suppose 5611 + 39714 = 37*w. What is the highest common divisor of w and 75?
25
Let p = 1409 - 1345. Calculate the highest common factor of 11 and p.
1
Suppose -138*w + 132*w + 32118 = 0. Calculate the greatest common divisor of w and 106.
53
Suppose 38065 + 77486 = 37*f. What is the greatest common factor of 27 and f?
9
Let x(f) = f**2 - 6*f - 22. Let w(o) = -12*o**3 + 3*o**2 - 2. Let c be w(-1). Let r be x(c). Calculate the highest common divisor of r and 46.
23
Let t = -70 + 77. Suppose 2*x - t*x = 0. Suppose -9 = -m + o - 4, -3*m - o + 11 = x. Calculate the highest common divisor of m and 36.
4
Let p = -9913 + 9918. Calculate the greatest common factor of p and 2690.
5
Suppose -29*m + 38*m - 18 = 0. Suppose -2*w = 3*k - 18, -m*w + 18 = -3*k + 8*k. Calculate the greatest common divisor of w and 27.
9
Suppose 254 = -4*k - 66. Let i = k + 89. Suppose -330 = -i*j + 3*j. Calculate the greatest common factor of j and 11.
11
Let c(q) = 13*q**2 - 1. Let m be c(2). Suppose -171*d + 140*d = -2635. What is the highest common factor of m and d?
17
Let c(u) = -u**3 + 5*u**2 - 4*u + 4. Let i be c(4). Suppose 0 = -i*z + z - 5*b + 565, z - 3*b = 165. What is the highest common divisor of 36 and z?
36
Let r be 1/((129/(-5412))/(-43)). Calculate the greatest common factor of r and 41.
41
Suppose -12 = 2*x - 88. Let y = x - 20. Calculate the highest common factor of y and 63.
9
Suppose -19*c + 4541 = -7412 - 1917. What is the highest common factor of c and 1533?
73
Let u(m) be the third derivative of -m**5/60 + 7*m**4/24 + m**3 - 70*m**2. Let l be u(6). What is the greatest common factor of l and 348?
12
Let l be 15/(-6)*(-8)/5. Suppose -30 = -l*u - u - g, 2*u = g + 5. Suppose 67 - 3 = 3*d - v, 76 = 3*d + u*v. Calculate the greatest common divisor of 44 and d.
22
Let c be (98819/(-6))/(-19) - 5/(-30). Let g = 11 - -40. Calculate the greatest common factor of c and g.
51
Let x(o) = o**3 + 4*o**2 - 9*o + 1. Let p be x(14). Calculate the greatest common divisor of p and 83.
83
Let g(y) = -2*y**3 + 32*y**2 + 51*y - 9. Let k be g(17). Calculate the greatest common divisor of k and 266.
14
Let x be (-1 + 1*-32)/(20 - 21). Let w = 4 + 18. What is the highest common divisor of w and x?
11
Suppose 0 = -0*p - 13*p + 312. Let n(b) = -3*b + 4*b + 4*b + b**2 + 6. Let z be n(6). Calculate the highest common factor of z and p.
24
Let n = 42 + -37. Let v(s) = -s**3 + 5*s**2 + s - 1. Let b be v(n). Suppose 2*l = -8, -5*l - 22 = -2*k - 0*k. Calculate the greatest common divisor of b and k.
1
Let v(y) = -2*y**3 + 96*y**2 - 72*y - 21. Let q be v(46). What is the highest common factor of 14 and q?
7
Let l(j) = j**3 + 6*j**2 + 7*j + 12. Let u be l(-5). Let g be u*((-78)/(-4) + 60/(-15)). Calculate the greatest common divisor of 62 and g.
31
Let k be 7/(14/(-8)) - -9. Let o(v) = v - 19. Let a be o(k). Let t = a - -15. What is the greatest common factor of t and 9?
1
Let q(z) = 17 - 100 + 2*z + 37. Let l be q(20). Let k(f) = -9*f + 10. Let i be k(l). What is the highest common factor of i and 8?
8
Let s be -1*12/18*(-651)/14. Calculate the highest common divisor of 217 and s.
31
Let b = -35847 - -40429. What is the highest common factor of 464 and b?
58
Let p(v) = 51*v**3 - 2*v**2 + 13*v - 12. Let f be p(1). Let h be ((-180)/f)/((-6)/165). Calculate the highest c